{"id":1278,"date":"2024-06-29T23:36:56","date_gmt":"2024-06-29T21:36:56","guid":{"rendered":"https:\/\/www.gp-kematen.at\/?page_id=1278"},"modified":"2024-06-30T23:00:16","modified_gmt":"2024-06-30T21:00:16","slug":"datenschutzerklaerung","status":"publish","type":"page","link":"https:\/\/www.gp-kematen.at\/?page_id=1278","title":{"rendered":"Datenschutzerkl\u00e4rung"},"content":{"rendered":"\t\t<div data-elementor-type=\"wp-page\" data-elementor-id=\"1278\" class=\"elementor elementor-1278\">\n\t\t\t\t<div class=\"elementor-element elementor-element-ed49aed e-flex e-con-boxed wpr-particle-no wpr-jarallax-no wpr-parallax-no wpr-sticky-section-no wpr-equal-height-no e-con e-parent\" data-id=\"ed49aed\" data-element_type=\"container\" data-e-type=\"container\" data-settings=\"{&quot;background_background&quot;:&quot;classic&quot;}\">\n\t\t\t\t\t<div class=\"e-con-inner\">\n\t\t\t\t<div class=\"elementor-element elementor-element-0900f4a elementor-widget elementor-widget-heading\" data-id=\"0900f4a\" data-element_type=\"widget\" data-e-type=\"widget\" data-widget_type=\"heading.default\">\n\t\t\t\t<div class=\"elementor-widget-container\">\n\t\t\t\t\t<h2 class=\"elementor-heading-title elementor-size-default\">Datenschutz<\/h2>\t\t\t\t<\/div>\n\t\t\t\t<\/div>\n\t\t\t\t<div class=\"elementor-element elementor-element-6c2602e elementor-widget elementor-widget-text-editor\" data-id=\"6c2602e\" data-element_type=\"widget\" data-e-type=\"widget\" data-widget_type=\"text-editor.default\">\n\t\t\t\t<div class=\"elementor-widget-container\">\n\t\t\t\t\t\t\t\t\t<p>Datenschutzerkl\u00e4rung<br \/>Stand: 30.06.2024<br \/>1. Allgemeines<br \/>Der Schutz Ihrer pers\u00f6nlichen Daten ist uns ein besonderes Anliegen. Wir verarbeiten Ihre<br \/>Daten ausschlie\u00dflich auf Grundlage der gesetzlichen Bestimmungen (DSGVO, DSG, TKG<br \/>2003). Nachfolgend informieren wir Sie \u00fcber die Verarbeitung Ihrer personenbezogenen Daten<br \/>durch uns und die Ihnen nach den datenschutzrechtlichen Regelungen zustehenden Anspr\u00fcche<br \/>und Rechte.<br \/>Verantwortliche f\u00fcr die Datenverarbeitung<\/p><p>Dr. Julian Kodada-Kern und Dr. Sabrina Jetzinger, mail@gp-kematen.at, 07228\/7264<\/p><p>2. Im Rahmen der Website verarbeiten wir personenbezogene Daten, die Sie uns<br \/>selbst bekanntgeben bzw. die wir durch Ihre Nutzung unseres Onlineauftritts erhalten,<br \/>wie folgt:<br \/>Wir hosten unsere Website bei unserem Auftragsverarbeiter WordPress.com.<br \/>Zum Zweck der Bereitstellung und der Auslieferung der Website werden Verbindungsdaten<br \/>verarbeitet. Zum blo\u00dfen Zweck der Auslieferung und Bereitstellung der Website werden die<br \/>Daten \u00fcber den Aufruf hinaus nicht gespeichert.<\/p><p>3. Weitere Informationen:<br \/>Sie haben das Recht auf Auskunft \u00fcber die gespeicherten Daten gem\u00e4\u00df Art 15 DSGVO, auf<br \/>Berichtigung unzutreffender Daten gem\u00e4\u00df Art 16 DSGVO, auf L\u00f6schung von Daten gem\u00e4\u00df<br \/>Art 17 DSGVO, auf Einschr\u00e4nkung der Verarbeitung von Daten gem\u00e4\u00df Art 18 DSGVO, auf<br \/>Daten\u00fcbertragbarkeit gem\u00e4\u00df Art 20 DSGVO sowie auf Widerspruch gegen die unzumutbare<br \/>Datenverarbeitung gem\u00e4\u00df Art 21 DSGVO.<br \/>Sofern die Verarbeitung aufgrund einer Einwilligungserkl\u00e4rung erfolgt, haben Sie die M\u00f6glichkeit,<br \/>diese jederzeit zu widerrufen, ohne dass die Rechtm\u00e4\u00dfigkeit der aufgrund der Einwilligung<br \/>bis zum Widerruf erfolgten Verarbeitung ber\u00fchrt wird.<br \/>Sie haben das Recht, sich bei der Aufsichtsbeh\u00f6rde zu beschweren \u2013 zust\u00e4ndig ist in \u00d6sterreich<br \/>die Datenschutzbeh\u00f6rde.<br \/>Die Anschrift lautet: \u00d6sterreichische Datenschutzbeh\u00f6rde, Wickenburggasse 8, 1080 Wien,<br \/>Telefon: +43 1 52 152-0, E-Mail: dsb@dsb.gv.at<\/p>\t\t\t\t\t\t\t\t<\/div>\n\t\t\t\t<\/div>\n\t\t\t\t\t<\/div>\n\t\t\t\t<\/div>\n\t\t\t\t<\/div>\n\t\t","protected":false},"excerpt":{"rendered":"<p>Datenschutz Datenschutzerkl\u00e4rungStand: 30.06.20241. AllgemeinesDer Schutz Ihrer pers\u00f6nlichen Daten ist uns ein besonderes Anliegen. Wir verarbeiten IhreDaten ausschlie\u00dflich auf Grundlage der gesetzlichen Bestimmungen (DSGVO, DSG, TKG2003). Nachfolgend informieren wir Sie \u00fcber die Verarbeitung Ihrer personenbezogenen Datendurch uns und die Ihnen nach den datenschutzrechtlichen Regelungen zustehenden Anspr\u00fccheund Rechte.Verantwortliche f\u00fcr die Datenverarbeitung Dr. Julian Kodada-Kern und Dr. Sabrina Jetzinger, mail@gp-kematen.at, 07228\/7264 2. Im Rahmen der Website verarbeiten wir personenbezogene Daten, die Sie unsselbst bekanntgeben bzw. die wir durch Ihre Nutzung unseres Onlineauftritts erhalten,wie folgt:Wir hosten unsere Website bei unserem Auftragsverarbeiter WordPress.com.Zum Zweck der Bereitstellung und der Auslieferung der Website werden Verbindungsdatenverarbeitet. Zum blo\u00dfen Zweck der Auslieferung und Bereitstellung der Website werden dieDaten \u00fcber den Aufruf hinaus nicht gespeichert. 3. Weitere Informationen:Sie haben das Recht auf Auskunft \u00fcber die gespeicherten Daten gem\u00e4\u00df Art 15 DSGVO, aufBerichtigung unzutreffender Daten gem\u00e4\u00df Art 16 DSGVO, auf L\u00f6schung von Daten gem\u00e4\u00dfArt 17 DSGVO, auf Einschr\u00e4nkung der Verarbeitung von Daten gem\u00e4\u00df Art 18 DSGVO, aufDaten\u00fcbertragbarkeit gem\u00e4\u00df Art 20 DSGVO sowie auf Widerspruch gegen die unzumutbareDatenverarbeitung gem\u00e4\u00df Art 21 DSGVO.Sofern die Verarbeitung aufgrund einer Einwilligungserkl\u00e4rung erfolgt, haben Sie die M\u00f6glichkeit,diese jederzeit zu widerrufen, ohne dass die Rechtm\u00e4\u00dfigkeit der aufgrund der Einwilligungbis zum Widerruf erfolgten Verarbeitung ber\u00fchrt wird.Sie haben das Recht, sich bei der Aufsichtsbeh\u00f6rde zu beschweren \u2013 zust\u00e4ndig ist in \u00d6sterreichdie Datenschutzbeh\u00f6rde.Die Anschrift lautet: \u00d6sterreichische Datenschutzbeh\u00f6rde, Wickenburggasse 8, 1080 Wien,Telefon: +43 1 52 152-0, E-Mail: dsb@dsb.gv.at<\/p>\n","protected":false},"author":1,"featured_media":0,"parent":0,"menu_order":0,"comment_status":"closed","ping_status":"closed","template":"page-templates\/template-pagebuilder-full-width.php","meta":{"neve_meta_sidebar":"","neve_meta_container":"","neve_meta_enable_content_width":"","neve_meta_content_width":0,"neve_meta_title_alignment":"","neve_meta_author_avatar":"","neve_post_elements_order":"","neve_meta_disable_header":"","neve_meta_disable_footer":"","neve_meta_disable_title":"","footnotes":""},"class_list":["post-1278","page","type-page","status-publish","hentry"],"yoast_head":"<!-- This site is optimized with the Yoast SEO plugin v24.2 - https:\/\/yoast.com\/wordpress\/plugins\/seo\/ -->\n<title>Datenschutzerkl\u00e4rung - Gruppenpraxis Kematen<\/title>\n<meta name=\"robots\" content=\"index, follow, max-snippet:-1, max-image-preview:large, max-video-preview:-1\" \/>\n<link rel=\"canonical\" href=\"https:\/\/www.gp-kematen.at\/?page_id=1278\" \/>\n<meta property=\"og:locale\" content=\"de_DE\" \/>\n<meta property=\"og:type\" content=\"article\" \/>\n<meta property=\"og:title\" content=\"Datenschutzerkl\u00e4rung - Gruppenpraxis Kematen\" \/>\n<meta property=\"og:description\" content=\"Datenschutz Datenschutzerkl\u00e4rungStand: 30.06.20241. AllgemeinesDer Schutz Ihrer pers\u00f6nlichen Daten ist uns ein besonderes Anliegen. Wir verarbeiten IhreDaten ausschlie\u00dflich auf Grundlage der gesetzlichen Bestimmungen (DSGVO, DSG, TKG2003). Nachfolgend informieren wir Sie \u00fcber die Verarbeitung Ihrer personenbezogenen Datendurch uns und die Ihnen nach den datenschutzrechtlichen Regelungen zustehenden Anspr\u00fccheund Rechte.Verantwortliche f\u00fcr die Datenverarbeitung Dr. Julian Kodada-Kern und Dr. Sabrina Jetzinger, mail@gp-kematen.at, 07228\/7264 2. Im Rahmen der Website verarbeiten wir personenbezogene Daten, die Sie unsselbst bekanntgeben bzw. die wir durch Ihre Nutzung unseres Onlineauftritts erhalten,wie folgt:Wir hosten unsere Website bei unserem Auftragsverarbeiter WordPress.com.Zum Zweck der Bereitstellung und der Auslieferung der Website werden Verbindungsdatenverarbeitet. Zum blo\u00dfen Zweck der Auslieferung und Bereitstellung der Website werden dieDaten \u00fcber den Aufruf hinaus nicht gespeichert. 3. Weitere Informationen:Sie haben das Recht auf Auskunft \u00fcber die gespeicherten Daten gem\u00e4\u00df Art 15 DSGVO, aufBerichtigung unzutreffender Daten gem\u00e4\u00df Art 16 DSGVO, auf L\u00f6schung von Daten gem\u00e4\u00dfArt 17 DSGVO, auf Einschr\u00e4nkung der Verarbeitung von Daten gem\u00e4\u00df Art 18 DSGVO, aufDaten\u00fcbertragbarkeit gem\u00e4\u00df Art 20 DSGVO sowie auf Widerspruch gegen die unzumutbareDatenverarbeitung gem\u00e4\u00df Art 21 DSGVO.Sofern die Verarbeitung aufgrund einer Einwilligungserkl\u00e4rung erfolgt, haben Sie die M\u00f6glichkeit,diese jederzeit zu widerrufen, ohne dass die Rechtm\u00e4\u00dfigkeit der aufgrund der Einwilligungbis zum Widerruf erfolgten Verarbeitung ber\u00fchrt wird.Sie haben das Recht, sich bei der Aufsichtsbeh\u00f6rde zu beschweren \u2013 zust\u00e4ndig ist in \u00d6sterreichdie Datenschutzbeh\u00f6rde.Die Anschrift lautet: \u00d6sterreichische Datenschutzbeh\u00f6rde, Wickenburggasse 8, 1080 Wien,Telefon: +43 1 52 152-0, E-Mail: dsb@dsb.gv.at\" \/>\n<meta property=\"og:url\" content=\"https:\/\/www.gp-kematen.at\/?page_id=1278\" \/>\n<meta property=\"og:site_name\" content=\"Gruppenpraxis Kematen\" \/>\n<meta property=\"article:modified_time\" content=\"2024-06-30T21:00:16+00:00\" \/>\n<meta name=\"twitter:card\" content=\"summary_large_image\" \/>\n<meta name=\"twitter:label1\" content=\"Gesch\u00e4tzte Lesezeit\" \/>\n\t<meta name=\"twitter:data1\" content=\"1\u00a0Minute\" \/>\n<script type=\"application\/ld+json\" class=\"yoast-schema-graph\">{\"@context\":\"https:\/\/schema.org\",\"@graph\":[{\"@type\":[\"WebPage\",\"MedicalWebPage\"],\"@id\":\"https:\/\/www.gp-kematen.at\/?page_id=1278\",\"url\":\"https:\/\/www.gp-kematen.at\/?page_id=1278\",\"name\":\"Datenschutzerkl\u00e4rung - Gruppenpraxis Kematen\",\"isPartOf\":{\"@id\":\"https:\/\/www.gp-kematen.at\/#website\"},\"datePublished\":\"2024-06-29T21:36:56+00:00\",\"dateModified\":\"2024-06-30T21:00:16+00:00\",\"breadcrumb\":{\"@id\":\"https:\/\/www.gp-kematen.at\/?page_id=1278#breadcrumb\"},\"inLanguage\":\"de\",\"potentialAction\":[{\"@type\":\"ReadAction\",\"target\":[\"https:\/\/www.gp-kematen.at\/?page_id=1278\"]}]},{\"@type\":\"BreadcrumbList\",\"@id\":\"https:\/\/www.gp-kematen.at\/?page_id=1278#breadcrumb\",\"itemListElement\":[{\"@type\":\"ListItem\",\"position\":1,\"name\":\"Startseite\",\"item\":\"https:\/\/www.gp-kematen.at\/\"},{\"@type\":\"ListItem\",\"position\":2,\"name\":\"Datenschutzerkl\u00e4rung\"}]},{\"@type\":\"WebSite\",\"@id\":\"https:\/\/www.gp-kematen.at\/#website\",\"url\":\"https:\/\/www.gp-kematen.at\/\",\"name\":\"Gruppenpraxis Kematen\",\"description\":\"Dr. Kodada-Kern und Dr. Jetzinger Gruppenpraxis f\u00fcr Allgemeinmedizin OG\",\"publisher\":{\"@id\":\"https:\/\/www.gp-kematen.at\/#organization\"},\"alternateName\":\"Allgemeinmedizin Kematen\",\"potentialAction\":[{\"@type\":\"SearchAction\",\"target\":{\"@type\":\"EntryPoint\",\"urlTemplate\":\"https:\/\/www.gp-kematen.at\/?s={search_term_string}\"},\"query-input\":{\"@type\":\"PropertyValueSpecification\",\"valueRequired\":true,\"valueName\":\"search_term_string\"}}],\"inLanguage\":\"de\"},{\"@type\":\"Organization\",\"@id\":\"https:\/\/www.gp-kematen.at\/#organization\",\"name\":\"Gruppenpraxis Kematen\",\"alternateName\":\"Allgemeinmedizin Kematen\",\"url\":\"https:\/\/www.gp-kematen.at\/\",\"logo\":{\"@type\":\"ImageObject\",\"inLanguage\":\"de\",\"@id\":\"https:\/\/www.gp-kematen.at\/#\/schema\/logo\/image\/\",\"url\":\"https:\/\/www.gp-kematen.at\/wp-content\/uploads\/2024\/06\/GP-Kematen-pflaume-grau.png\",\"contentUrl\":\"https:\/\/www.gp-kematen.at\/wp-content\/uploads\/2024\/06\/GP-Kematen-pflaume-grau.png\",\"width\":7936,\"height\":1701,\"caption\":\"Gruppenpraxis Kematen\"},\"image\":{\"@id\":\"https:\/\/www.gp-kematen.at\/#\/schema\/logo\/image\/\"}}]}<\/script>\n<!-- \/ Yoast SEO plugin. -->","yoast_head_json":{"title":"Datenschutzerkl\u00e4rung - Gruppenpraxis Kematen","robots":{"index":"index","follow":"follow","max-snippet":"max-snippet:-1","max-image-preview":"max-image-preview:large","max-video-preview":"max-video-preview:-1"},"canonical":"https:\/\/www.gp-kematen.at\/?page_id=1278","og_locale":"de_DE","og_type":"article","og_title":"Datenschutzerkl\u00e4rung - Gruppenpraxis Kematen","og_description":"Datenschutz Datenschutzerkl\u00e4rungStand: 30.06.20241. AllgemeinesDer Schutz Ihrer pers\u00f6nlichen Daten ist uns ein besonderes Anliegen. Wir verarbeiten IhreDaten ausschlie\u00dflich auf Grundlage der gesetzlichen Bestimmungen (DSGVO, DSG, TKG2003). Nachfolgend informieren wir Sie \u00fcber die Verarbeitung Ihrer personenbezogenen Datendurch uns und die Ihnen nach den datenschutzrechtlichen Regelungen zustehenden Anspr\u00fccheund Rechte.Verantwortliche f\u00fcr die Datenverarbeitung Dr. Julian Kodada-Kern und Dr. Sabrina Jetzinger, mail@gp-kematen.at, 07228\/7264 2. Im Rahmen der Website verarbeiten wir personenbezogene Daten, die Sie unsselbst bekanntgeben bzw. die wir durch Ihre Nutzung unseres Onlineauftritts erhalten,wie folgt:Wir hosten unsere Website bei unserem Auftragsverarbeiter WordPress.com.Zum Zweck der Bereitstellung und der Auslieferung der Website werden Verbindungsdatenverarbeitet. Zum blo\u00dfen Zweck der Auslieferung und Bereitstellung der Website werden dieDaten \u00fcber den Aufruf hinaus nicht gespeichert. 3. Weitere Informationen:Sie haben das Recht auf Auskunft \u00fcber die gespeicherten Daten gem\u00e4\u00df Art 15 DSGVO, aufBerichtigung unzutreffender Daten gem\u00e4\u00df Art 16 DSGVO, auf L\u00f6schung von Daten gem\u00e4\u00dfArt 17 DSGVO, auf Einschr\u00e4nkung der Verarbeitung von Daten gem\u00e4\u00df Art 18 DSGVO, aufDaten\u00fcbertragbarkeit gem\u00e4\u00df Art 20 DSGVO sowie auf Widerspruch gegen die unzumutbareDatenverarbeitung gem\u00e4\u00df Art 21 DSGVO.Sofern die Verarbeitung aufgrund einer Einwilligungserkl\u00e4rung erfolgt, haben Sie die M\u00f6glichkeit,diese jederzeit zu widerrufen, ohne dass die Rechtm\u00e4\u00dfigkeit der aufgrund der Einwilligungbis zum Widerruf erfolgten Verarbeitung ber\u00fchrt wird.Sie haben das Recht, sich bei der Aufsichtsbeh\u00f6rde zu beschweren \u2013 zust\u00e4ndig ist in \u00d6sterreichdie Datenschutzbeh\u00f6rde.Die Anschrift lautet: \u00d6sterreichische Datenschutzbeh\u00f6rde, Wickenburggasse 8, 1080 Wien,Telefon: +43 1 52 152-0, E-Mail: dsb@dsb.gv.at","og_url":"https:\/\/www.gp-kematen.at\/?page_id=1278","og_site_name":"Gruppenpraxis Kematen","article_modified_time":"2024-06-30T21:00:16+00:00","twitter_card":"summary_large_image","twitter_misc":{"Gesch\u00e4tzte Lesezeit":"1\u00a0Minute"},"schema":{"@context":"https:\/\/schema.org","@graph":[{"@type":["WebPage","MedicalWebPage"],"@id":"https:\/\/www.gp-kematen.at\/?page_id=1278","url":"https:\/\/www.gp-kematen.at\/?page_id=1278","name":"Datenschutzerkl\u00e4rung - Gruppenpraxis Kematen","isPartOf":{"@id":"https:\/\/www.gp-kematen.at\/#website"},"datePublished":"2024-06-29T21:36:56+00:00","dateModified":"2024-06-30T21:00:16+00:00","breadcrumb":{"@id":"https:\/\/www.gp-kematen.at\/?page_id=1278#breadcrumb"},"inLanguage":"de","potentialAction":[{"@type":"ReadAction","target":["https:\/\/www.gp-kematen.at\/?page_id=1278"]}]},{"@type":"BreadcrumbList","@id":"https:\/\/www.gp-kematen.at\/?page_id=1278#breadcrumb","itemListElement":[{"@type":"ListItem","position":1,"name":"Startseite","item":"https:\/\/www.gp-kematen.at\/"},{"@type":"ListItem","position":2,"name":"Datenschutzerkl\u00e4rung"}]},{"@type":"WebSite","@id":"https:\/\/www.gp-kematen.at\/#website","url":"https:\/\/www.gp-kematen.at\/","name":"Gruppenpraxis Kematen","description":"Dr. Kodada-Kern und Dr. Jetzinger Gruppenpraxis f\u00fcr Allgemeinmedizin OG","publisher":{"@id":"https:\/\/www.gp-kematen.at\/#organization"},"alternateName":"Allgemeinmedizin Kematen","potentialAction":[{"@type":"SearchAction","target":{"@type":"EntryPoint","urlTemplate":"https:\/\/www.gp-kematen.at\/?s={search_term_string}"},"query-input":{"@type":"PropertyValueSpecification","valueRequired":true,"valueName":"search_term_string"}}],"inLanguage":"de"},{"@type":"Organization","@id":"https:\/\/www.gp-kematen.at\/#organization","name":"Gruppenpraxis Kematen","alternateName":"Allgemeinmedizin Kematen","url":"https:\/\/www.gp-kematen.at\/","logo":{"@type":"ImageObject","inLanguage":"de","@id":"https:\/\/www.gp-kematen.at\/#\/schema\/logo\/image\/","url":"https:\/\/www.gp-kematen.at\/wp-content\/uploads\/2024\/06\/GP-Kematen-pflaume-grau.png","contentUrl":"https:\/\/www.gp-kematen.at\/wp-content\/uploads\/2024\/06\/GP-Kematen-pflaume-grau.png","width":7936,"height":1701,"caption":"Gruppenpraxis Kematen"},"image":{"@id":"https:\/\/www.gp-kematen.at\/#\/schema\/logo\/image\/"}}]}},"_links":{"self":[{"href":"https:\/\/www.gp-kematen.at\/index.php?rest_route=\/wp\/v2\/pages\/1278","targetHints":{"allow":["GET"]}}],"collection":[{"href":"https:\/\/www.gp-kematen.at\/index.php?rest_route=\/wp\/v2\/pages"}],"about":[{"href":"https:\/\/www.gp-kematen.at\/index.php?rest_route=\/wp\/v2\/types\/page"}],"author":[{"embeddable":true,"href":"https:\/\/www.gp-kematen.at\/index.php?rest_route=\/wp\/v2\/users\/1"}],"replies":[{"embeddable":true,"href":"https:\/\/www.gp-kematen.at\/index.php?rest_route=%2Fwp%2Fv2%2Fcomments&post=1278"}],"version-history":[{"count":22,"href":"https:\/\/www.gp-kematen.at\/index.php?rest_route=\/wp\/v2\/pages\/1278\/revisions"}],"predecessor-version":[{"id":1489,"href":"https:\/\/www.gp-kematen.at\/index.php?rest_route=\/wp\/v2\/pages\/1278\/revisions\/1489"}],"wp:attachment":[{"href":"https:\/\/www.gp-kematen.at\/index.php?rest_route=%2Fwp%2Fv2%2Fmedia&parent=1278"}],"curies":[{"name":"wp","href":"https:\/\/api.w.org\/{rel}","templated":true}]}}